ts digit of 31972520?
0
What is the ten thousands digit of 160401?
6
What is the hundred thousands digit of 6368448?
3
What is the hundred thousands digit of 3267245?
2
What is the millions digit of 6571858?
6
What is the thousands digit of 7215523?
5
What is the ten thousands digit of 1430894?
3
What is the ten thousands digit of 50668?
5
What is the tens digit of 6650448?
4
What is the millions digit of 3158958?
3
What is the tens digit of 82454?
5
What is the units digit of 806133?
3
What is the hundreds digit of 15639759?
7
What is the ten thousands digit of 154804?
5
What is the thousands digit of 137635?
7
What is the hundreds digit of 1992105?
1
What is the tens digit of 80269?
6
What is the tens digit of 5537752?
5
What is the ten millions digit of 10426376?
1
What is the tens digit of 9627654?
5
What is the hundreds digit of 1286151?
1
What is the units digit of 864587?
7
What is the ten thousands digit of 366743?
6
What is the tens digit of 1576957?
5
What is the thousands digit of 381633?
1
What is the units digit of 629041?
1
What is the thousands digit of 137458?
7
What is the ten thousands digit of 7115968?
1
What is the hundreds digit of 1666460?
4
What is the tens digit of 2480918?
1
What is the thousands digit of 2691163?
1
What is the thousands digit of 2348116?
8
What is the thousands digit of 1029902?
9
What is the hundred thousands digit of 6170880?
1
What is the hundreds digit of 4631518?
5
What is the units digit of 3013915?
5
What is the ten thousands digit of 3852186?
5
What is the units digit of 740061?
1
What is the tens digit of 7375365?
6
What is the millions digit of 3926495?
3
What is the hundreds digit of 3299435?
4
What is the millions digit of 1267628?
1
What is the thousands digit of 9119311?
9
What is the millions digit of 4033386?
4
What is the millions digit of 8802355?
8
What is the tens digit of 129648?
4
What is the hundreds digit of 3806995?
9
What is the ten thousands digit of 184414?
8
What is the hundreds digit of 14491224?
2
What is the hundred thousands digit of 1971080?
9
What is the ten millions digit of 11126967?
1
What is the millions digit of 17469624?
7
What is the ten thousands digit of 65515?
6
What is the tens digit of 3604498?
9
What is the units digit of 881363?
3
What is the units digit of 7823178?
8
What is the thousands digit of 9027572?
7
What is the units digit of 322879?
9
What is the tens digit of 177056?
5
What is the millions digit of 3381724?
3
What is the hundred thousands digit of 8439667?
4
What is the ten thousands digit of 169785?
6
What is the hundreds digit of 66274?
2
What is the hundreds digit of 1443713?
7
What is the hundreds digit of 126652?
6
What is the tens digit of 424880?
8
What is the hundred thousands digit of 205535?
2
What is the hundred thousands digit of 5309985?
3
What is the units digit of 126651?
1
What is the ten thousands digit of 1915684?
1
What is the thousands digit of 5974007?
4
What is the tens digit of 378229?
2
What is the millions digit of 6869602?
6
What is the hundreds digit of 1002227?
2
What is the ten thousands digit of 3169610?
6
What is the hundreds digit of 153139?
1
What is the tens digit of 9886786?
8
What is the hundreds digit of 3990640?
6
What is the hundred thousands digit of 598357?
5
What is the hundred thousands digit of 633416?
6
What is the ten thousands digit of 7361919?
6
What is the thousands digit of 665322?
5
What is the hundred thousands digit of 405457?
4
What is the hundreds digit of 122604?
6
What is the tens digit of 743040?
4
What is the ten thousands digit of 383554?
8
What is the ten thousands digit of 3748021?
4
What is the units digit of 578160?
0
What is the hundreds digit of 175863?
8
What is the thousands digit of 4748490?
8
What is the thousands digit of 277169?
7
What is the ten thousands digit of 14526059?
2
What is the tens digit of 11779679?
7
What is the hundreds digit of 717931?
9
What is the hundreds digit of 233506?
5
What is the ten thousands digit of 22426536?
2
What is the ten thousands digit of 455150?
5
What is the tens digit of 380162?
6
What is the ten thousands digit of 1768137?
6
What is the units digit of 239687?
7
What is the thousands digit of 65145?
5
What is the units digit of 58573?
3
What is the ten thousands digit of 7093538?
9
What is the thousands digit of 226222?
6
What is the thousands digit of 129406?
9
What is the thousands digit of 5270206?
0
What is the ten thousands digit of 1324689?
2
What is the ten thousands digit of 8653914?
5
What is the hundreds digit of 13658288?
2
What is the thousands digit of 4670158?
0
What is the thousands digit of 727637?
7
What is the hundreds digit of 9446273?
2
What is the units digit of 1725680?
0
What is the ten thousands digit of 57686?
5
What is the ten thousands digit of 637317?
3
What is the ten thousands digit of 671725?
7
What is the tens digit of 510357?
5
What is the millions digit of 5599053?
5
What is the units digit of 1973281?
1
What is the units digit of 848400?
0
What is the hundreds digit of 14623058?
0
What is the hundred thousands digit of 12676258?
6
What is the hundreds digit of 1928291?
2
What is the tens digit of 51473?
7
What is the ten thousands digit of 316654?
1
What is the hundred thousands digit of 513768?
5
What is the units digit of 369317?
7
What is the tens digit of 3308966?
6
What is the hundred thousands digit of 6046944?
0
What is the hundred thousands digit of 4260743?
2
What is the tens digit of 1963397?
9
What is the hundred thousands digit of 865727?
8
What is the hundred thousands digit of 28194655?
1
What is the units digit of 319938?
8
What is the hundred thousands digit of 8757669?
7
What is the hundred thousands digit of 545279?
5
What is the units digit of 1498114?
4
What is the hundred thousands digit of 533699?
5
What is the ten thousands digit of 71049?
7
What is the ten thousands digit of 3608580?
0
What is the hundred thousands digit of 424095?
4
What is the hundreds digit of 342823?
8
What is the hundred thousands digit of 13975053?
9
What is the units digit of 9375071?
1
What is the ten thousands digit of 137872?
3
What is the ten thousands digit of 620895?
2
What is the tens digit of 103991?
9
What is the hundred thousands digit of 273693?
2
What is the units digit of 3767751?
1
What is the hundred thousands digit of 174847?
1
What is the tens digit of 345566?
6
What is the ten thousands digit of 77808?
7
What is the tens digit of 3909034?
3
What is the tens digit of 1574228?
2
What is the ten thousands digit of 111162?
1
What is the tens digit of 258578?
7
What is the tens digit of 413923?
2
What is the ten thousands digit of 4521550?
2
What is the thousands digit of 1255479?
5
What is the tens digit of 744635?
3
What is the hundreds digit of 1341433?
4
What is the ten thousands digit of 66323?
6
What is the hundreds digit of 12613506?
5
What is the hundred thousands digit of 5379140?
3
What is the hundreds digit of 12233209?
2
What is the tens digit of 13367668?
6
What is the hundreds digit of 36151509?
5
What is the tens digit of 9783361?
6
What is the hundreds digit of 2253654?
6
What is the ten thousands digit of 3252477?
5
What is the tens digit of 11847135?
3
What is the millions digit of 1440667?
1
What is the hundred thousands digit of 366372?
3
What is the hundred thousands digit of 3758826?
7
What is the hundreds digit of 155082?
0
What is the hundred thousands digit of 8221213?
2
What is the ten thousands digit of 6382647?
8
What is the hundreds digit of 1736939?
9
What is the ten thousands digit of 5032832?
3
What is the thousands digit of 2230162?
0
What is the hundred thousands digit of 2178598?
1
What is the thousands digit of 28159356?
9
What is the ten thousands digit of 526164?
2
What is the millions digit of 41454273?
1
What is the tens digit of 248213?
1
What is the units digit of 39571?
1
What is the hundreds digit of 433978?
9
What is the units digit of 296616?
6
What is the millions digit of 26183207?
6
What is the thousands digit of 8325561?
5
What is the hundred thousands digit of 391225?
3
What is the tens digit of 3224293?
9
What is the hundreds digit of 1065557?
5
What is the thousands digit of 5060046?
0
What is the units digit of 76446?
6
What is the